 3 + -3?
-3
Calculate 17 - (-21 - (27 - 46)).
19
What is the value of -13 + 23 - (26 - -1)?
-17
(-16 - 4 - -32) + -3
9
Calculate 1 + 1 + -3 + 9 + -10 - -11.
9
Calculate -569 + 531 - (3 + -66).
25
Evaluate 14 + (-11 + 20 - 7) + -2.
14
What is (0 - 3) + 4 - -1 - (-9 + 13)?
-2
What is 4 + -6 - (26 - 30)?
2
-39 + 76 - 11 - (1 - -5)
20
-1 + (-5 - -5) - (1 - (9 - 2))
5
What is the value of (-2 + 13 - 2) + (-12 - -4)?
1
Evaluate -26 - (-11 + -59 + 23).
21
Evaluate 12 + -6 - ((-6 - (2 + -6)) + 3).
5
Calculate -1 + 12 + (18 - 16).
13
Evaluate 0 - ((3 - -24) + -8 + -9).
-10
Calculate -1 + 6 + (8 + -15 - (-2 - 4)).
4
What is the value of -5 + -1 + -9 + 2 + 0 - -2?
-11
(42 - 29) + -15 + -3
-5
Calculate -2 - 3 - 2 - (-32 + 16 + -4).
13
Calculate 146 + -103 + 3 + -24.
22
What is the value of 19 + 11 + (8 - 22)?
16
Evaluate 137 - 140 - (-2 + -1 + 11).
-11
What is 0 - (-6 - -12 - (-1 + 5)) - 0?
-2
Calculate 11 + (-4 - -3) - 5 - (-3 - 0).
8
19 + (-3 - 3) + -21 + 19 + 7
18
Evaluate 15 + (7 + -1 - 12) - (-11 + 1).
19
What is the value of (-45 + 8 - -18) + 32?
13
Calculate -4 - 2 - (171 + -184).
7
Evaluate -17 + 1 + -4 + -2 + 6.
-16
Evaluate (-34 - -5 - -26) + (4 - 0).
1
-4 - (33 - 9 - 37)
9
Calculate -10 + 7 - -4 - (4 + -14).
11
40 + -39 + (-19 - (5 - 13))
-10
What is the value of -20 + 16 - (-1 + -2 + (-4 - 0))?
3
Calculate 29 + (-7 - -8 - (-11 - -26)).
15
9 - ((-17 - 26) + 26)
26
What is the value of (19 - (25 + -9)) + 1 + -44 - -6?
-34
Calculate (-3 - -5) + 16 - (-29 + 38).
9
What is the value of -3 + 3 + -4 + -7?
-11
Calculate 5 + 9 + (-159 - -178).
33
Evaluate (-6 - 7) + 35 + (-23 - -7).
6
What is -20 - -15 - (-8 + -3)?
6
(-3 - -8) + (3 - (34 + -7) - -5)
-14
3 - (9 - (8 + 7))
9
Calculate -21 + (9 + -4 - ((0 - -11) + 4)).
-31
Evaluate -13 - 5 - (5 + -1 + -6 + 3).
-19
What is 11 + 0 - (233 + -103 - 99)?
-20
Calculate 1 + 0 + 30 + -30 + 22.
23
What is the value of -8 - -13 - ((3 - -1) + 5)?
-4
What is -5 + (-14 + 29 - 18)?
-8
Evaluate 5 + 3 + -4 + -6 + 0.
-2
-19 + 9 - (-15 - (-7 + 2))
0
What is the value of 4 - (0 - -8) - (39 + -29)?
-14
What is the value of -71 + -4 + 61 + (-1 - 1)?
-16
What is the value of -3 - ((31 - 33) + (2 - 9))?
6
5 + 2 + -5 + (-1 - -1)
2
(-7 - (3 + -7)) + -3 + (-6 - -10)
-2
Evaluate -9 + 7 + (-5 - 2) + 1.
-8
What is the value of -11 + (-12 - (-3 + 7)) + 18?
-9
Calculate -9 - (1 + 1) - (485 + -509).
13
2 + -9 - 0 - 1
-8
What is the value of -11 + 43 + (18 - 33)?
17
What is the value of 7 - (13 - 1) - ((3 - 8) + 12)?
-12
Evaluate 9 + -12 + (7 + -2 - (-1 + 0)).
3
What is -427 - -396 - (-1 + -20)?
-10
What is the value of 10 - ((-1 - -9) + -10 + -4 + 10)?
6
(9 - (4 - (8 + -9))) + 2 + -7
-1
4 - (-5 - 3) - (-70 + 59)
23
What is (2 - (8 + 4) - -2) + 48 + -33?
7
What is (17 - (-5 - (-2 - 7))) + (1 - 3)?
11
What is the value of 3 - (-1 - -17 - (65 - 55))?
-3
2 + 28 + -11 + (-3 - 0) + -3
13
Calculate 0 + -1 + (-15 + 11 - 3).
-8
Calculate 18 - (31 + -15 + -2).
4
What is the value of 71 - 35 - 1 - 28?
7
What is the value of (-7 - -17) + (-2 - 0) + -2 - 1?
5
-1 + 8 + 0 + -9 + (0 - -1)
-1
What is -23 - ((34 - 31) + (-4 + -2 - 1))?
-19
9 + -12 + -11 + (-1 - -6)
-9
What is -8 - 0 - (-68 + 52) - -2?
10
Calculate -39 + 116 + -66 + (1 - 1 - 8).
3
What is the value of (99 - 91) + -1 + -7 - (17 + 0)?
-17
Calculate 0 + -8 + (-183 - -177) + -1 + -19.
-34
What is the value of 16 - 41 - -12 - 10?
-23
Evaluate 1 - (-7 - (-15 + -2)).
-9
What is the value of (2 + -4 - (2 + -1)) + 13 + -3?
7
What is -32 + -2 + 26 + 11?
3
2 + 1 + (326 - 333)
-4
What is -1 + 1 - -1 - (-6 + -3 + 6)?
4
-18 - (10 + -14 + -4)
-10
Calculate 21 - (50 - (32 + 0)).
3
Evaluate 34 - (55 - 37 - 7).
23
What is -3 + 39 - (-173 - -163 - (1 + -21))?
26
What is the value of -11 - ((11 + 0 - 5) + -2)?
-15
Calculate -316 - -336 - (-1 + 1).
20
Calculate -15 - ((-27 - -59) + -26).
-21
Evaluate 4 - (1 + -27 - -11).
19
Evaluate -8 - -39 - 4 - 25.
2
Calculate -28 - (9 + -8 - 21).
-8
Evaluate -3 - ((-7 - (-3 - (-4 + 8))) + 5).
-8
What is the value of -8 + -1 + (0 - (-3 + -3))?
-3
Evaluate 15 + -48 + (8 - -10).
-15
9 + -13 + -5 + (-3 - (3 + -10))
-5
What is the value of (1 - 6 - -1) + (-21 - -32)?
7
What is 11 + (20 - 65) - -1?
-33
What is 5 + -15 - 32 - -13?
-29
Evaluate 1577 - 1553 - (-1 + 9 - (3 + -2)).
17
What is the value of (17 - 2) + -5 + -4 + 3 - 23?
-14
Calculate -24 + 9 + 20 - 18.
-13
Calculate 36 + -29 - 19 - -21.
9
What is (-13 - 0) + 1 - (-27 - 23 - -4)?
34
What is 23 + (5 - (7 - -17))?
4
-12 + (16 - 4) + (2 - -9)
11
What is the value of (-36 - -32) + -6 + -5 + 10?
-5
(-9 - -8 - -6) + -6 + -3
-4
Evaluate 1695 + -1680 - (1 + -16).
30
What is the value of (-106 + 98 - (-8 - -1)) + (11 - -5)?
15
0 + -6 + -6 + 23 + -4 + 4
11
What is 2 - (-1 - (-2 - 5) - 9 - 1)?
6
38 + (-62 - -27) - (-2 + 3)
2
Evaluate -8 + -4 + 18 + 6 - 17.
-5
Evaluate -3 - (-23 - -25 - 7).
2
Calculate 31 - (-16 - -39) - 21.
-13
What is (20 - 6) + -1 + -30?
-17
(10 - 4) + 14 + (-27 - 4)
-11
-27 + (-14 - (-49 - -27))
-19
What is -3 - -2 - (-21 + (8 - 5) + 2)?
15
What is the value of -1 - 7 - (-39 - -33) - -4?
2
Evaluate -11 + -1 + (-38 - -26).
-24
What is -1 - -2 - ((-16 - -3) + 4)?
10
Evaluate 23 - ((-38 - -89) + -38).
10
What is -11 - (18 - (-6 - (-1 - 11)))?
-23
6 - 2 - (14 + 7 - 12)
-5
Evaluate (21 - 10) + (-25 - -39 - 47).
-22
What is the value of -3 - -3 - (58 + -62 + 16 + 1)?
-13
What is the value of (-6 - -19) + -1 + 8 + -4?
16
Calculate -5 + (-5 - 11) + -5 + 3.
-23
What is (-1 - (4 - (7 + -5)) - -2) + 15?
14
What is the value of -6 + (15 - 10 - (3 - -4 - 0))?
-8
Evaluate -2 + -15 - (15 - 40).
8
Calculate 1 - 2 - (0 - (4 - 0)).
3
12 + (-7 - (-15 - -10))
10
What is 39 + 10 + 41 + -74?
16
What is (18 + -8 - (-1 + 13)) + (6 - -10)?
14
12 - (13 - (21 + -13))
7
-3 + (4 + -5 - -9) + -4
1
Evaluate 34 + -40 + 20 + -1.
13
What is the value of 14 + -16 + 4 + 4?
6
Calculate -2 - (2 + (11 - -18)).
-33
What is 7 - -10 - 0 - 8?
9
What is the value of 39 + -45 + 31 + -16?
9
What is the value of (6 - -10) + (8 - 18)?
6
Evaluate (-8 - (-13 - -5)) + -1.
-1
What is the value of -9 + 15 + -8 - 1?
-3
Calculate 2 + (3 - 0) - ((-11 - -4) + 10).
2
What is the value of 13 + -11 - -10 - (3 + (1 - 1))?
9
What is the value of -655 - -618 - (-2 - -4 - 7)?
-32
Calculate 27 + (-18 + 12 - 5) + 4.
20
What is the value of (18 - (58 - 13 - 9)) + 12?
-6
What is the value of 223 - 213 - (6 + -2 - 2)?
8
Evaluate 7 + -1 + (3 - (6 - 0)) + 2.
5
(0 - 17) + 4 + 3 + 1
-9
What is 0 + 7 + (-51 - -44) - (-1 + 1)?
0
Calculate 3 - (8 + -7 - -7) - 2.
-7
Calculate (-11 - -5) + -3 - (-29 - -11).
9
What is -1541 + 1521 - (-16 + 2 - -2)?
-8
Calculate 2 - (11 - 11 - (-6 - -5)).
1
What is -14 + 2 - (-35 - (-12 + -15))?
-4
What is the value of (-4 - 10) + 1 + 10?
-3
What is the value of 9 + (-32 - -10) + 17?
4
Evaluate 13 - (15 + 24 + -45).
19
What is (-25 - (-68 - -17)) + 1 + -13?
14
What is the value of -3 + 8 + -11 + (14 + 0 - 0)?
8
What is the value of 2 - 9 - ((-17 - -24) + 3)?
-17
59 + -15 - (-2 + 15)
31
What is (-5 - (0 + 1 + 11)) + -42 + 49?
-10
Calculate (29 - 49 - -17) + 13 + -1.
9
What is 7 + -1 + 7 + -6 + 7?
14
Calculate (5 - (49 + -9) - -2) + -7 + 1.
-39
Evaluate 0 + 11 + -18 + 0 + 18.
11
What is 36 + -30 - (-1 - -21)?
-14
-8 + (-25 - -28) + 11
6
Evaluate (-7 - -2) + (3 + -35 + 3 - -15).
-19
2 + -8 - (27 - (-30 + 38))
-25
What is the value of (9 - (8 + 1 + -1) - 8) + 4?
-3
Calculate -1 + (-5 + 16 - -1) - (59 - 44).
-4
What is the value of -4 + -1 + (-3 - (-5 - 1))?
-2
Evaluate 1 - -1 - (32 + -19 + -18).
7
Evaluate (-864 - -866) + -5 + (-2 - (-6 + 2)).
-1
Evaluate 16 + -9 + (20 - 19).
8
What is the value of (-5 - -8) + (-18 - -10) + -5?
-10
(0 - (-4 - -5)) + (-5 - -27) + 9
30
What is 4 - (0 + -10 + -65 + 69)?
10
-2 + 5 + (172 - 191)
-16
Calculate -10 + (-2 + 9 - 25) - -11.
-17
What is -25 - -14 - (-6 + -1 - (7 + -14))?
-11
Evaluate -408 + 386 + (0 - (-1 - -4)) + 10.
-15
23 - (-36 - (-3 - 56))
0
17 + -13 + (-2 - -6) - (0 - -2)
6
What is 7 + -5 - 9 - ((-2 - 18) + 3)?
10
Calculate 0 - (-1 + 1) - (0 - (5 - 4)).
1
What is the value of 1067 - 1038 - (1 + 13 - -2)?
13
What is -1 + 11 - (101 + -100)?
9
What is the value of (0 - 1) + (95 - 97)?
-3
What is the value of -10 + 2 - (-39 + 45) - (4 - -8)?
-26
Evaluate 20 - (57 - (1 + 19)).
-17
What is (5 + -3 - 5) + (1 - (1 + 7